 the prime factors of 83458875?
3, 5, 222557
List the prime factors of 355788153.
3, 7, 29, 139, 467
What are the prime factors of 185953555?
5, 373, 99707
What are the prime factors of 65629188?
2, 3, 1823033
List the prime factors of 519106845.
3, 5, 34607123
List the prime factors of 81790897.
81790897
What are the prime factors of 163341588?
2, 3, 73, 199, 937
What are the prime factors of 2902265027?
2902265027
List the prime factors of 165271673.
7, 23610239
What are the prime factors of 442085398?
2, 37, 5974127
What are the prime factors of 62492834?
2, 1201, 26017
What are the prime factors of 20734608?
2, 3, 251, 1721
What are the prime factors of 2909467655?
5, 431, 1350101
What are the prime factors of 109378055?
5, 21875611
List the prime factors of 118243957.
13, 281, 32369
What are the prime factors of 2925927927?
3, 13, 211, 1013
What are the prime factors of 73673?
73673
What are the prime factors of 10837061?
59, 83, 2213
What are the prime factors of 527644402?
2, 17, 19, 101, 8087
List the prime factors of 1194065358.
2, 3, 199010893
List the prime factors of 4462733683.
41, 108847163
List the prime factors of 940840389.
3, 1709, 61169
List the prime factors of 100615280.
2, 5, 1257691
What are the prime factors of 24486220?
2, 5, 11, 111301
List the prime factors of 1645664025.
3, 5, 149, 147263
What are the prime factors of 115192260?
2, 3, 5, 213319
List the prime factors of 767063184.
2, 3, 269, 59407
What are the prime factors of 951458921?
7, 19417529
What are the prime factors of 5447708971?
3527, 1544573
List the prime factors of 25878072.
2, 3, 11, 83, 1181
List the prime factors of 61680465.
3, 5, 7, 11, 2543
What are the prime factors of 103495352?
2, 12936919
What are the prime factors of 1279378743?
3, 9209, 46309
What are the prime factors of 12000869?
1571, 7639
List the prime factors of 31361042.
2, 15680521
What are the prime factors of 64963021?
83, 782687
List the prime factors of 953818951.
953818951
What are the prime factors of 1555341115?
5, 283, 1099181
What are the prime factors of 890302873?
890302873
What are the prime factors of 1579954560?
2, 3, 5, 822893
List the prime factors of 64334622.
2, 3, 11, 43, 22669
What are the prime factors of 1752955986?
2, 3, 17, 1103, 15581
List the prime factors of 5099519516.
2, 7, 13, 19, 737351
What are the prime factors of 813137880?
2, 3, 5, 17, 199, 2003
List the prime factors of 60552883.
2707, 22369
What are the prime factors of 122993700?
2, 3, 5, 281, 1459
What are the prime factors of 369013963?
369013963
List the prime factors of 41636285.
5, 37, 225061
What are the prime factors of 20629013?
109, 189257
What are the prime factors of 2607461966?
2, 157, 1303, 6373
What are the prime factors of 4316504144?
2, 3539, 76231
List the prime factors of 12108932.
2, 11, 149, 1847
What are the prime factors of 3084350727?
3, 1028116909
What are the prime factors of 142622399?
142622399
List the prime factors of 670089840.
2, 3, 5, 7, 398863
What are the prime factors of 119880591?
3, 39960197
What are the prime factors of 148246939?
41, 353, 10243
What are the prime factors of 1263494102?
2, 13, 311, 156257
What are the prime factors of 1567224894?
2, 3, 261204149
What are the prime factors of 1864975212?
2, 3, 131, 193, 683
What are the prime factors of 1185978444?
2, 3, 7, 293, 48187
What are the prime factors of 628544724?
2, 3, 29, 47, 83, 463
What are the prime factors of 5732570517?
3, 359, 5322721
List the prime factors of 40749703.
337, 120919
What are the prime factors of 453715332?
2, 3, 7, 5401373
List the prime factors of 5770164.
2, 3, 257, 1871
List the prime factors of 1572504874.
2, 29, 67, 131, 3089
List the prime factors of 137700935.
5, 17, 701, 2311
List the prime factors of 931964649.
3, 7, 11, 19, 59, 61
List the prime factors of 588462826.
2, 7, 43, 977513
What are the prime factors of 832103148?
2, 3, 17, 29, 43, 3271
List the prime factors of 121351760.
2, 5, 1516897
What are the prime factors of 434606112?
2, 3, 31, 48679
List the prime factors of 24537382.
2, 2677, 4583
List the prime factors of 1922884376.
2, 7, 37, 883, 1051
List the prime factors of 20944767.
3, 457, 15277
List the prime factors of 135908652.
2, 3, 11, 93601
What are the prime factors of 20986046?
2, 467, 22469
List the prime factors of 148911212.
2, 1741, 21383
List the prime factors of 47481926.
2, 109, 173, 1259
List the prime factors of 216573840.
2, 3, 5, 7, 97, 443
List the prime factors of 314065680.
2, 3, 5, 1308607
What are the prime factors of 156124277?
17, 31, 296251
List the prime factors of 568382474.
2, 11, 269, 96043
What are the prime factors of 246286493?
19, 103, 317, 397
List the prime factors of 82608744.
2, 3, 3442031
List the prime factors of 642564312.
2, 3, 13, 2059501
List the prime factors of 4427723754.
2, 3, 245984653
List the prime factors of 26820856.
2, 19, 37, 251
What are the prime factors of 1492230875?
5, 41, 291167
List the prime factors of 1103558221.
25219, 43759
What are the prime factors of 4480034175?
3, 5, 751, 26513
What are the prime factors of 76232172?
2, 3, 6352681
List the prime factors of 916250944.
2, 7, 41, 83, 601
What are the prime factors of 135832911?
3, 45277637
List the prime factors of 871465427.
7, 124495061
List the prime factors of 13829975.
5, 227, 2437
List the prime factors of 83346479.
191, 479, 911
List the prime factors of 6072554404.
2, 7, 37, 5861539
What are the prime factors of 9519005?
5, 1903801
What are the prime factors of 1415828281?
7, 137, 1476359
List the prime factors of 130957245.
3, 5, 37, 78653
What are the prime factors of 10220048?
2, 89, 7177
List the prime factors of 136235863.
136235863
What are the prime factors of 13199366?
2, 31, 43, 4951
List the prime factors of 62009064.
2, 3, 13, 17, 433
List the prime factors of 206384654.
2, 7, 14741761
List the prime factors of 44405176.
2, 5550647
What are the prime factors of 360114673?
37, 83, 149, 787
List the prime factors of 5528564.
2, 127, 10883
What are the prime factors of 171101925?
3, 5, 760453
List the prime factors of 5403570212.
2, 2039, 662527
What are the prime factors of 299816910?
2, 3, 5, 1110433
What are the prime factors of 495565935?
3, 5, 23, 373, 3851
List the prime factors of 2281128887.
43, 53049509
What are the prime factors of 535602382?
2, 7, 38257313
What are the prime factors of 54050046?
2, 3, 23, 17029
What are the prime factors of 20585003?
43, 487, 983
List the prime factors of 1413641996.
2, 13, 27185423
List the prime factors of 70646621.
70646621
What are the prime factors of 2718730520?
2, 5, 11, 19, 313, 1039
What are the prime factors of 129094641?
3, 13, 122597
List the prime factors of 1031693555.
5, 1621, 127291
What are the prime factors of 1418830179?
3, 13, 36380261
List the prime factors of 3875716203.
3, 9497, 136033
What are the prime factors of 38202800?
2, 5, 95507
List the prime factors of 87204760.
2, 5, 2180119
What are the prime factors of 25097839?
13, 1930603
List the prime factors of 5966867877.
3, 1988955959
List the prime factors of 4048442826.
2, 3, 2287, 295033
List the prime factors of 78370617.
3, 13, 2009503
What are the prime factors of 41843086?
2, 17, 821, 1499
What are the prime factors of 4434537198?
2, 3, 7, 13, 1039, 7817
What are the prime factors of 59139960?
2, 3, 5, 11, 4073
What are the prime factors of 6431052?
2, 3, 131, 4091
What are the prime factors of 16675084?
2, 19, 219409
What are the prime factors of 54287397?
3, 47, 128339
List the prime factors of 12450326.
2, 7, 889309
List the prime factors of 340958600.
2, 5, 1704793
What are the prime factors of 1094088193?
11, 17, 857, 6827
List the prime factors of 104921084.
2, 4751, 5521
List the prime factors of 125039607.
3, 7, 11, 17, 1873
List the prime factors of 148214762.
2, 74107381
What are the prime factors of 34558185?
3, 5, 37, 71, 877
What are the prime factors of 87304626?
2, 3, 127, 181, 211
What are the prime factors of 74303670?
2, 3, 5, 7, 67, 5281
What are the prime factors of 378657777?
3, 31, 4071589
List the prime factors of 154051956.
2, 3, 475469
List the prime factors of 108810813.
3, 29, 163, 7673
What are the prime factors of 9058620?
2, 3, 5, 17, 83, 107
What are the pr